{"id":2,"date":"2020-07-22T10:38:20","date_gmt":"2020-07-22T08:38:20","guid":{"rendered":"http:\/\/equilateral.eu\/?page_id=2"},"modified":"2024-03-06T09:26:08","modified_gmt":"2024-03-06T08:26:08","slug":"page-d-exemple","status":"publish","type":"page","link":"https:\/\/equilateral.eu\/","title":{"rendered":"Accueil"},"content":{"rendered":"\n<figure class=\"wp-block-image size-large\"><img loading=\"lazy\" decoding=\"async\" width=\"1024\" height=\"260\" src=\"https:\/\/equilateral.eu\/wp-content\/uploads\/2020\/09\/Logo-EQUILATERAL-Expertise-Bz-1-1024x260.jpg\" alt=\"\" class=\"wp-image-38\" srcset=\"https:\/\/equilateral.eu\/wp-content\/uploads\/2020\/09\/Logo-EQUILATERAL-Expertise-Bz-1-1024x260.jpg 1024w, https:\/\/equilateral.eu\/wp-content\/uploads\/2020\/09\/Logo-EQUILATERAL-Expertise-Bz-1-300x76.jpg 300w, https:\/\/equilateral.eu\/wp-content\/uploads\/2020\/09\/Logo-EQUILATERAL-Expertise-Bz-1-768x195.jpg 768w, https:\/\/equilateral.eu\/wp-content\/uploads\/2020\/09\/Logo-EQUILATERAL-Expertise-Bz-1-1536x390.jpg 1536w, https:\/\/equilateral.eu\/wp-content\/uploads\/2020\/09\/Logo-EQUILATERAL-Expertise-Bz-1-2048x520.jpg 2048w\" sizes=\"(max-width: 767px) 89vw, (max-width: 1000px) 54vw, (max-width: 1071px) 543px, 580px\" \/><\/figure>\n\n\n\n<p>Cr\u00e9\u00e9e pour proposer ses comp\u00e9tences en <strong>circuit court<\/strong>, la <strong>SAS EQUILATERAL<\/strong> met au<br>service des avocats, de leurs clients institutionnels, des entreprises et des particuliers, ses<br>comp\u00e9tences dans le domaine de la construction et de l\u2019immobilier, par la connaissance,<br>la ma\u00eetrise de <strong>l\u2019expertise <\/strong>et la diligence de ses associ\u00e9s :<\/p>\n\n\n\n<figure class=\"wp-block-image size-large\"><a href=\"https:\/\/equilateral.eu\/index.php\/avis-prealable\/\"><img loading=\"lazy\" decoding=\"async\" width=\"1024\" height=\"277\" src=\"https:\/\/equilateral.eu\/wp-content\/uploads\/2020\/09\/EQUILATERAL-presentation1-copier-1-1024x277.jpg\" alt=\"\" class=\"wp-image-43\" srcset=\"https:\/\/equilateral.eu\/wp-content\/uploads\/2020\/09\/EQUILATERAL-presentation1-copier-1-1024x277.jpg 1024w, https:\/\/equilateral.eu\/wp-content\/uploads\/2020\/09\/EQUILATERAL-presentation1-copier-1-300x81.jpg 300w, https:\/\/equilateral.eu\/wp-content\/uploads\/2020\/09\/EQUILATERAL-presentation1-copier-1-768x208.jpg 768w, https:\/\/equilateral.eu\/wp-content\/uploads\/2020\/09\/EQUILATERAL-presentation1-copier-1-1536x415.jpg 1536w, https:\/\/equilateral.eu\/wp-content\/uploads\/2020\/09\/EQUILATERAL-presentation1-copier-1-2048x554.jpg 2048w\" sizes=\"(max-width: 767px) 89vw, (max-width: 1000px) 54vw, (max-width: 1071px) 543px, 580px\" \/><\/a><\/figure>\n\n\n\n<figure class=\"wp-block-image size-large\"><a href=\"https:\/\/equilateral.eu\/index.php\/expertise-preventive\/\"><img loading=\"lazy\" decoding=\"async\" width=\"1024\" height=\"279\" src=\"https:\/\/equilateral.eu\/wp-content\/uploads\/2020\/09\/EQUILATERAL-presentation1-copier-2-1024x279.jpg\" alt=\"\" class=\"wp-image-45\" srcset=\"https:\/\/equilateral.eu\/wp-content\/uploads\/2020\/09\/EQUILATERAL-presentation1-copier-2-1024x279.jpg 1024w, https:\/\/equilateral.eu\/wp-content\/uploads\/2020\/09\/EQUILATERAL-presentation1-copier-2-300x82.jpg 300w, https:\/\/equilateral.eu\/wp-content\/uploads\/2020\/09\/EQUILATERAL-presentation1-copier-2-768x209.jpg 768w, https:\/\/equilateral.eu\/wp-content\/uploads\/2020\/09\/EQUILATERAL-presentation1-copier-2-1536x418.jpg 1536w, https:\/\/equilateral.eu\/wp-content\/uploads\/2020\/09\/EQUILATERAL-presentation1-copier-2-2048x558.jpg 2048w\" sizes=\"(max-width: 767px) 89vw, (max-width: 1000px) 54vw, (max-width: 1071px) 543px, 580px\" \/><\/a><\/figure>\n\n\n\n<figure class=\"wp-block-image size-large\"><a href=\"https:\/\/equilateral.eu\/index.php\/constat-expertise\/\"><img loading=\"lazy\" decoding=\"async\" width=\"1024\" height=\"275\" src=\"https:\/\/equilateral.eu\/wp-content\/uploads\/2020\/09\/EQUILATERAL-presentation1-copier-3-1024x275.jpg\" alt=\"\" class=\"wp-image-46\" srcset=\"https:\/\/equilateral.eu\/wp-content\/uploads\/2020\/09\/EQUILATERAL-presentation1-copier-3-1024x275.jpg 1024w, https:\/\/equilateral.eu\/wp-content\/uploads\/2020\/09\/EQUILATERAL-presentation1-copier-3-300x81.jpg 300w, https:\/\/equilateral.eu\/wp-content\/uploads\/2020\/09\/EQUILATERAL-presentation1-copier-3-768x206.jpg 768w, https:\/\/equilateral.eu\/wp-content\/uploads\/2020\/09\/EQUILATERAL-presentation1-copier-3-1536x412.jpg 1536w, https:\/\/equilateral.eu\/wp-content\/uploads\/2020\/09\/EQUILATERAL-presentation1-copier-3-2048x550.jpg 2048w\" sizes=\"(max-width: 767px) 89vw, (max-width: 1000px) 54vw, (max-width: 1071px) 543px, 580px\" \/><\/a><\/figure>\n\n\n\n<figure class=\"wp-block-image size-large\"><a href=\"https:\/\/equilateral.eu\/index.php\/impact-construction\/\"><img loading=\"lazy\" decoding=\"async\" width=\"1024\" height=\"279\" src=\"https:\/\/equilateral.eu\/wp-content\/uploads\/2020\/09\/EQUILATERAL-presentation1-copier-4-1024x279.jpg\" alt=\"\" class=\"wp-image-47\" srcset=\"https:\/\/equilateral.eu\/wp-content\/uploads\/2020\/09\/EQUILATERAL-presentation1-copier-4-1024x279.jpg 1024w, https:\/\/equilateral.eu\/wp-content\/uploads\/2020\/09\/EQUILATERAL-presentation1-copier-4-300x82.jpg 300w, https:\/\/equilateral.eu\/wp-content\/uploads\/2020\/09\/EQUILATERAL-presentation1-copier-4-768x209.jpg 768w, https:\/\/equilateral.eu\/wp-content\/uploads\/2020\/09\/EQUILATERAL-presentation1-copier-4-1536x418.jpg 1536w, https:\/\/equilateral.eu\/wp-content\/uploads\/2020\/09\/EQUILATERAL-presentation1-copier-4-2048x558.jpg 2048w\" sizes=\"(max-width: 767px) 89vw, (max-width: 1000px) 54vw, (max-width: 1071px) 543px, 580px\" \/><\/a><\/figure>\n\n\n\n<p class=\"has-text-align-center\"><strong>SAS EQUILATERAL<\/strong><br>229, rue Solf\u00e9rino &#8211; 59000 LILLE<\/p>\n\n\n\n<p class=\"has-text-align-center\">03 20 15 99 02<\/p>\n\n\n\n<p class=\"has-text-align-center\">www.equilateral.eu<\/p>\n\n\n\n<p class=\"has-text-align-center\"><br>Jacques-Yves DELOBELLE &#8211; Sophie SOULIER DEBAVELAERE<br>Architectes DPLG , Experts de Justice<\/p>\n\n\n\n<p><\/p>\n","protected":false},"excerpt":{"rendered":"<p>Cr\u00e9\u00e9e pour proposer ses comp\u00e9tences en circuit court, la SAS EQUILATERAL met auservice des avocats, de leurs clients institutionnels, des entreprises et des particuliers, sescomp\u00e9tences dans le domaine de la construction et de l\u2019immobilier, par la connaissance,la ma\u00eetrise de l\u2019expertise et la diligence de ses associ\u00e9s : SAS EQUILATERAL229, rue Solf\u00e9rino &#8211; 59000 LILLE 03 &hellip; <\/p>\n<p class=\"link-more\"><a href=\"https:\/\/equilateral.eu\/\" class=\"more-link\">Continuer la lecture<span class=\"screen-reader-text\"> de &laquo;&nbsp;Accueil&nbsp;&raquo;<\/span><\/a><\/p>\n","protected":false},"author":1,"featured_media":0,"parent":0,"menu_order":0,"comment_status":"closed","ping_status":"open","template":"","meta":{"footnotes":""},"_links":{"self":[{"href":"https:\/\/equilateral.eu\/index.php\/wp-json\/wp\/v2\/pages\/2"}],"collection":[{"href":"https:\/\/equilateral.eu\/index.php\/wp-json\/wp\/v2\/pages"}],"about":[{"href":"https:\/\/equilateral.eu\/index.php\/wp-json\/wp\/v2\/types\/page"}],"author":[{"embeddable":true,"href":"https:\/\/equilateral.eu\/index.php\/wp-json\/wp\/v2\/users\/1"}],"replies":[{"embeddable":true,"href":"https:\/\/equilateral.eu\/index.php\/wp-json\/wp\/v2\/comments?post=2"}],"version-history":[{"count":16,"href":"https:\/\/equilateral.eu\/index.php\/wp-json\/wp\/v2\/pages\/2\/revisions"}],"predecessor-version":[{"id":108,"href":"https:\/\/equilateral.eu\/index.php\/wp-json\/wp\/v2\/pages\/2\/revisions\/108"}],"wp:attachment":[{"href":"https:\/\/equilateral.eu\/index.php\/wp-json\/wp\/v2\/media?parent=2"}],"curies":[{"name":"wp","href":"https:\/\/api.w.org\/{rel}","templated":true}]}}